{"id":19,"date":"2015-03-06T17:48:59","date_gmt":"2015-03-06T17:48:59","guid":{"rendered":"http:\/\/aaltokoivula.fi\/wordpress\/?page_id=19"},"modified":"2015-03-18T04:04:20","modified_gmt":"2015-03-18T04:04:20","slug":"perintooikeus","status":"publish","type":"page","link":"https:\/\/aaltokoivula.fi\/wordpress\/perhe-ja-perinto\/perintooikeus\/","title":{"rendered":"Perint\u00f6oikeus"},"content":{"rendered":"<p style=\"text-align: justify;\"><span style=\"font-size: medium;\">Henkil\u00f6n kuoltua h\u00e4nen j\u00e4lkeens\u00e4 toimitetaan perunkirjoitus. Perukirja on laadittava kolmen kuukauden sis\u00e4ll\u00e4 vainajan kuolemasta ja se on toimitettava verotoimistoon kuukauden kuluessa perunkirjoituksesta. Palveluihimme kuuluvat perunkirjoitukset ja perukirjan laatimiset sek\u00e4 tarvittaessa asiointi verotoimiston kanssa. Hoidamme my\u00f6s pes\u00e4nselvitt\u00e4j\u00e4n ja pes\u00e4njakajan teht\u00e4vi\u00e4. Laadimme osituksia ja perinn\u00f6njakoja\u00a0 sek\u00e4 hoidamme perint\u00f6ihin liittyvi\u00e4 riitoja. My\u00f6s lakiosa-asiat ja perint\u00f6verotukseen, ennakkoperint\u00f6ihin sek\u00e4 luovutusvoittoverotukseen liittyv\u00e4t asiat kuuluvat palveluihimme.<\/span><\/p>\n<p style=\"text-align: center;\"><a href=\"https:\/\/aaltokoivula.fi\/wordpress\/wp-content\/uploads\/2015\/03\/Kuopio-ja-Manamansalo-hein\u00e4kuu-15-23-2009-155.jpg\"><img loading=\"lazy\" decoding=\"async\" class=\"alignnone size-medium wp-image-56\" src=\"https:\/\/aaltokoivula.fi\/wordpress\/wp-content\/uploads\/2015\/03\/Kuopio-ja-Manamansalo-hein\u00e4kuu-15-23-2009-155-300x225.jpg\" alt=\"Kuopio ja Manamansalo hein\u00e4kuu (15-23) 2009 155\" width=\"300\" height=\"225\" srcset=\"https:\/\/aaltokoivula.fi\/wordpress\/wp-content\/uploads\/2015\/03\/Kuopio-ja-Manamansalo-hein\u00e4kuu-15-23-2009-155-300x225.jpg 300w, https:\/\/aaltokoivula.fi\/wordpress\/wp-content\/uploads\/2015\/03\/Kuopio-ja-Manamansalo-hein\u00e4kuu-15-23-2009-155-1024x768.jpg 1024w, https:\/\/aaltokoivula.fi\/wordpress\/wp-content\/uploads\/2015\/03\/Kuopio-ja-Manamansalo-hein\u00e4kuu-15-23-2009-155-258x194.jpg 258w, https:\/\/aaltokoivula.fi\/wordpress\/wp-content\/uploads\/2015\/03\/Kuopio-ja-Manamansalo-hein\u00e4kuu-15-23-2009-155-70x53.jpg 70w\" sizes=\"auto, (max-width: 300px) 100vw, 300px\" \/><\/a><\/p>\n","protected":false},"excerpt":{"rendered":"<p>Henkil\u00f6n kuoltua h\u00e4nen j\u00e4lkeens\u00e4 toimitetaan perunkirjoitus. Perukirja on laadittava kolmen kuukauden sis\u00e4ll\u00e4 vainajan kuolemasta ja se on toimitettava verotoimistoon kuukauden kuluessa perunkirjoituksesta. Palveluihimme kuuluvat perunkirjoitukset ja perukirjan laatimiset sek\u00e4 tarvittaessa asiointi verotoimiston kanssa. Hoidamme my\u00f6s pes\u00e4nselvitt\u00e4j\u00e4n ja pes\u00e4njakajan teht\u00e4vi\u00e4. Laadimme osituksia ja perinn\u00f6njakoja\u00a0 sek\u00e4 hoidamme perint\u00f6ihin liittyvi\u00e4 riitoja. My\u00f6s lakiosa-asiat ja perint\u00f6verotukseen, ennakkoperint\u00f6ihin sek\u00e4 luovutusvoittoverotukseen liittyv\u00e4t asiat kuuluvat palveluihimme.<\/p>\n","protected":false},"author":1,"featured_media":0,"parent":154,"menu_order":6,"comment_status":"closed","ping_status":"closed","template":"","meta":{"_exactmetrics_skip_tracking":false,"_exactmetrics_sitenote_active":false,"_exactmetrics_sitenote_note":"","_exactmetrics_sitenote_category":0,"footnotes":""},"class_list":["post-19","page","type-page","status-publish","hentry"],"aioseo_notices":[],"_links":{"self":[{"href":"https:\/\/aaltokoivula.fi\/wordpress\/wp-json\/wp\/v2\/pages\/19","targetHints":{"allow":["GET"]}}],"collection":[{"href":"https:\/\/aaltokoivula.fi\/wordpress\/wp-json\/wp\/v2\/pages"}],"about":[{"href":"https:\/\/aaltokoivula.fi\/wordpress\/wp-json\/wp\/v2\/types\/page"}],"author":[{"embeddable":true,"href":"https:\/\/aaltokoivula.fi\/wordpress\/wp-json\/wp\/v2\/users\/1"}],"replies":[{"embeddable":true,"href":"https:\/\/aaltokoivula.fi\/wordpress\/wp-json\/wp\/v2\/comments?post=19"}],"version-history":[{"count":7,"href":"https:\/\/aaltokoivula.fi\/wordpress\/wp-json\/wp\/v2\/pages\/19\/revisions"}],"predecessor-version":[{"id":213,"href":"https:\/\/aaltokoivula.fi\/wordpress\/wp-json\/wp\/v2\/pages\/19\/revisions\/213"}],"up":[{"embeddable":true,"href":"https:\/\/aaltokoivula.fi\/wordpress\/wp-json\/wp\/v2\/pages\/154"}],"wp:attachment":[{"href":"https:\/\/aaltokoivula.fi\/wordpress\/wp-json\/wp\/v2\/media?parent=19"}],"curies":[{"name":"wp","href":"https:\/\/api.w.org\/{rel}","templated":true}]}}