{"id":77,"date":"2015-03-06T17:35:45","date_gmt":"2015-03-06T17:35:45","guid":{"rendered":"http:\/\/aaltokoivula.fi\/wordpress\/?page_id=77"},"modified":"2024-12-30T14:52:54","modified_gmt":"2024-12-30T14:52:54","slug":"hinnasto-yksityisasiakkaille","status":"publish","type":"page","link":"https:\/\/aaltokoivula.fi\/wordpress\/aloitus\/hinnasto-yksityisasiakkaille\/","title":{"rendered":"Hinnoittelu yksityisasiakkaille"},"content":{"rendered":"<p style=\"text-align: justify;\">Palkkiomme yksityishenkil\u00f6ille m\u00e4\u00e4r\u00e4ytyy p\u00e4\u00e4asiallisesti ajank\u00e4yt\u00f6n mukaan siten, ett\u00e4 tuntiveloituksemme on 200,80 euroa tunnilta (sis. alv 25,5 %).<\/p>\n<p style=\"text-align: justify;\">Oikeudenk\u00e4yntiasioissa sek\u00e4 pes\u00e4nselvitt\u00e4j\u00e4n ja -jakajan teht\u00e4vien suorittamisessa aikaperusteinen palkkiomme on 225,90 euroa tunnilta (sis. alv 25,5 %).<\/p>\n<p style=\"text-align: justify;\">Suoranaiset kulut, kuten esimerkiksi matka- ja majoituskulut sek\u00e4 viranomaisten perim\u00e4t maksut, veloitetaan erikseen niiden suuruisina.<\/p>\n<p style=\"text-align: justify;\">Aikaperusteinen palkkio kattaa toimeksiannon hoitamisen kannalta tarpeellisiin toimenpiteisiin k\u00e4ytetyn kohtuullisen ajan. Mik\u00e4li toimeksianto poikkeaa tavanomaisesta sen edellytt\u00e4m\u00e4n poikkeuksellisen suuren ty\u00f6m\u00e4\u00e4r\u00e4n, vaikeuden, kiireellisyyden, rahallisen intressin, toimeksiannon edellytt\u00e4ess\u00e4 muun kuin suomen kielen k\u00e4ytt\u00e4mist\u00e4 tai muun vastaavan seikan vuoksi, voidaan palkkiota korottaa kohtuullisesti.<\/p>\n<p style=\"text-align: justify;\">Jos toimeksianto on riitt\u00e4v\u00e4n tarkkarajainen ja sen hoitamiseen k\u00e4ytett\u00e4v\u00e4 aika voidaan riitt\u00e4v\u00e4ll\u00e4 tarkkuudella ennakoida, on my\u00f6s mahdollista sopia toimeksiannosta kiinte\u00e4\u00e4n hintaan.<\/p>\n<p style=\"text-align: justify;\">Esimerkiksi useimpien avioehtojen ja testamenttien l\u00e4ht\u00f6hinta on 150,60 euroa.<\/p>\n<p style=\"text-align: justify;\">Useimpiin kotivakuutuksiin sis\u00e4ltyy oikeusturvavakuutus. Voimme selvitt\u00e4\u00e4 toimeksiannon alussa vakuutusturvan kattavuuden ja omavastuun m\u00e4\u00e4r\u00e4n. Voimme my\u00f6s hakea vakuutuskorvausta p\u00e4\u00e4miehen puolesta.<\/p>\n<p>Yksityishenkil\u00f6ll\u00e4 saattaa olla oikeus saada valtion tukea tuomioistuinasioiden hoitoa varten. Jos asiakkaalle my\u00f6nnet\u00e4\u00e4n oikeusapua, noudatetaan siin\u00e4 annettuja s\u00e4\u00e4nn\u00f6ksi\u00e4 palkkion m\u00e4\u00e4r\u00e4st\u00e4. Oikeushallinnon asiointipalveluiden sivuilla voit k\u00e4yd\u00e4 tekem\u00e4ss\u00e4 koelaskelman ja selvitt\u00e4\u00e4, onko sinulla mahdollisuus saada oikeusapua. Haemme oikeusapup\u00e4\u00e4t\u00f6ksen puolestasi.<\/p>\n","protected":false},"excerpt":{"rendered":"<p>Palkkiomme yksityishenkil\u00f6ille m\u00e4\u00e4r\u00e4ytyy p\u00e4\u00e4asiallisesti ajank\u00e4yt\u00f6n mukaan siten, ett\u00e4 tuntiveloituksemme on 200,80 euroa tunnilta (sis. alv 25,5 %). Oikeudenk\u00e4yntiasioissa sek\u00e4 pes\u00e4nselvitt\u00e4j\u00e4n ja -jakajan teht\u00e4vien suorittamisessa aikaperusteinen palkkiomme on 225,90 euroa tunnilta (sis. alv 25,5 %). Suoranaiset kulut, kuten esimerkiksi matka- ja majoituskulut sek\u00e4 viranomaisten perim\u00e4t maksut, veloitetaan erikseen niiden suuruisina. Aikaperusteinen palkkio kattaa toimeksiannon hoitamisen kannalta tarpeellisiin toimenpiteisiin k\u00e4ytetyn kohtuullisen ajan. Mik\u00e4li toimeksianto poikkeaa tavanomaisesta sen edellytt\u00e4m\u00e4n poikkeuksellisen suuren ty\u00f6m\u00e4\u00e4r\u00e4n, vaikeuden, kiireellisyyden, rahallisen intressin, toimeksiannon edellytt\u00e4ess\u00e4 muun kuin suomen kielen k\u00e4ytt\u00e4mist\u00e4 tai muun vastaavan seikan vuoksi, voidaan palkkiota korottaa kohtuullisesti. Jos toimeksianto on riitt\u00e4v\u00e4n tarkkarajainen ja sen hoitamiseen k\u00e4ytett\u00e4v\u00e4 aika voidaan riitt\u00e4v\u00e4ll\u00e4 tarkkuudella ennakoida, on my\u00f6s mahdollista sopia toimeksiannosta kiinte\u00e4\u00e4n hintaan. Esimerkiksi useimpien avioehtojen ja testamenttien l\u00e4ht\u00f6hinta on 150,60 euroa. Useimpiin kotivakuutuksiin sis\u00e4ltyy oikeusturvavakuutus. Voimme selvitt\u00e4\u00e4 toimeksiannon alussa vakuutusturvan kattavuuden ja omavastuun m\u00e4\u00e4r\u00e4n. Voimme my\u00f6s hakea vakuutuskorvausta p\u00e4\u00e4miehen puolesta. Yksityishenkil\u00f6ll\u00e4 saattaa olla oikeus saada valtion tukea tuomioistuinasioiden hoitoa varten. Jos asiakkaalle my\u00f6nnet\u00e4\u00e4n oikeusapua, noudatetaan siin\u00e4 annettuja s\u00e4\u00e4nn\u00f6ksi\u00e4 palkkion m\u00e4\u00e4r\u00e4st\u00e4. Oikeushallinnon asiointipalveluiden sivuilla voit k\u00e4yd\u00e4 tekem\u00e4ss\u00e4 koelaskelman ja selvitt\u00e4\u00e4, onko sinulla mahdollisuus saada oikeusapua. Haemme oikeusapup\u00e4\u00e4t\u00f6ksen puolestasi.<\/p>\n","protected":false},"author":1,"featured_media":0,"parent":73,"menu_order":13,"comment_status":"closed","ping_status":"closed","template":"","meta":{"_exactmetrics_skip_tracking":false,"_exactmetrics_sitenote_active":false,"_exactmetrics_sitenote_note":"","_exactmetrics_sitenote_category":0,"footnotes":""},"class_list":["post-77","page","type-page","status-publish","hentry"],"aioseo_notices":[],"_links":{"self":[{"href":"https:\/\/aaltokoivula.fi\/wordpress\/wp-json\/wp\/v2\/pages\/77","targetHints":{"allow":["GET"]}}],"collection":[{"href":"https:\/\/aaltokoivula.fi\/wordpress\/wp-json\/wp\/v2\/pages"}],"about":[{"href":"https:\/\/aaltokoivula.fi\/wordpress\/wp-json\/wp\/v2\/types\/page"}],"author":[{"embeddable":true,"href":"https:\/\/aaltokoivula.fi\/wordpress\/wp-json\/wp\/v2\/users\/1"}],"replies":[{"embeddable":true,"href":"https:\/\/aaltokoivula.fi\/wordpress\/wp-json\/wp\/v2\/comments?post=77"}],"version-history":[{"count":6,"href":"https:\/\/aaltokoivula.fi\/wordpress\/wp-json\/wp\/v2\/pages\/77\/revisions"}],"predecessor-version":[{"id":290,"href":"https:\/\/aaltokoivula.fi\/wordpress\/wp-json\/wp\/v2\/pages\/77\/revisions\/290"}],"up":[{"embeddable":true,"href":"https:\/\/aaltokoivula.fi\/wordpress\/wp-json\/wp\/v2\/pages\/73"}],"wp:attachment":[{"href":"https:\/\/aaltokoivula.fi\/wordpress\/wp-json\/wp\/v2\/media?parent=77"}],"curies":[{"name":"wp","href":"https:\/\/api.w.org\/{rel}","templated":true}]}}